 = 11*w. List the prime factors of p.
2, 3, 23, 283
Let k be ((-3)/9*-7)/((-20)/720). Let u be ((-176)/33)/((-1)/(-21)). Let n = k - u. What are the prime factors of n?
2, 7
Let x(v) = 33*v**2 - 25*v - 166. What are the prime factors of x(-7)?
2, 3, 271
Let h = -465 + 448. Let r(v) = -54*v + 187. What are the prime factors of r(h)?
5, 13, 17
Let u(c) = 690*c + 3. Let a be u(1). Suppose a - 3495 = -6*m. List the prime factors of m.
467
Let n be (0 + -1)*53/(-1). Let j = n - 56. What are the prime factors of (3 + (j - 48))*22/(-6)?
2, 11
Let s(o) = -2*o**3 - 28*o**2 - 2*o - 26. Let u be s(-14). Suppose u*v + 2*v = 84. List the prime factors of v.
3, 7
Let x(r) = r**3 - r**2 - 2*r + 1. Let s(c) = -c**3 - 5*c**2 + 18*c + 29. Let u(b) = s(b) + 2*x(b). List the prime factors of u(12).
919
Let n = -1439 - -3278. What are the prime factors of n?
3, 613
Suppose 647*v + 27662 = 2*y + 644*v, 3*v = -3*y + 41508. List the prime factors of y.
2, 6917
Let l(s) = s**3 + 9*s**2 - 4*s + 10. Let q be l(-10). Let t be (-531)/6*q/15. Suppose 8*o = 489 + t. List the prime factors of o.
2, 7
Suppose -2*i - 2*o - 4 = -4*o, 2*o - 12 = -2*i. Suppose -5*a = -0*g - 2*g + 14, -i*a + 7 = g. Suppose -g*f + 40 = -51. What are the prime factors of f?
13
Let b(g) = 4*g**2 - 347*g + 149. List the prime factors of b(87).
2, 59
Suppose -9*u + 5*u + 8 = 5*y, 4*u = 8. Suppose 0*g - 7*g + 6076 = y. List the prime factors of g.
2, 7, 31
Let x(s) = -23*s**2 - 5*s - 3. Let y(p) = 11*p**2 + 2*p + 1. Let g(z) = 2*x(z) + 5*y(z). Let v be g(1). What are the prime factors of 3*8 - (-4)/(v/6)?
3
Let w(a) = a**2 - 8*a - 12. Let p be w(10). Suppose p*c = 2*c. Suppose -2*m = -5*f - 216, m + 3*f + c*f = 97. What are the prime factors of m?
103
Let n = -197 + 182. List the prime factors of ((-545)/n)/(-3 - 10/(-3)).
109
Let v = 10996 + -2207. What are the prime factors of v?
11, 17, 47
Let c be ((-200)/(-16))/((-1)/(-2))*-1. Let r(s) = -s**2 - 41*s - 97. What are the prime factors of r(c)?
3, 101
Suppose 5*n - 9380 = -p - 3264, -4916 = -4*n + 5*p. Suppose -341*d + 350*d = n. What are the prime factors of d?
2, 17
Suppose 18 = 10*r - 42. Suppose -2*h = -7*h - 15, -5*m - 3*h - 44 = 0. What are the prime factors of ((-3584)/r)/m + 4/6?
2, 43
Let g(c) = 17*c + 45. Let i = -117 - -131. List the prime factors of g(i).
283
Let w be 0 + (4 - 9 - -5). Suppose 5*g - 5*i - 1410 = 0, -5*g + i + 1402 = -w*i. List the prime factors of g.
2, 5, 7
Let s(f) = 5*f**2 - f + 10. Let x be s(10). Suppose -45*p = -50*p - x. List the prime factors of (0 - (4 + -3))/(2/p).
2, 5
Suppose 0 = -12*w + 7*w + 15. Suppose 3*r - 2*r = -w*r. Suppose a + 0*a = -3*q + 70, -5*a - q + 308 = r. List the prime factors of a.
61
Suppose 0 = 27*k - 25*k - 5*d - 2284, 0 = 4*k + 2*d - 4496. What are the prime factors of k?
7, 23
Let j(u) = 64*u**3 - 5*u**2 - 86*u + 351. List the prime factors of j(4).
3, 149
Suppose -18*r + 89536 = -321134. What are the prime factors of r?
3, 5, 13
Let a(i) = -114*i - 182. Let b(n) = 232*n + 363. Let j(f) = -7*a(f) - 4*b(f). What are the prime factors of j(-10)?
2, 3, 11, 17
Let f(o) = 23*o**3 + 2*o**2 - o. Let l be f(1). Let i be (l/(-16))/(1/(4/(-3))). Suppose -j + i = -9. What are the prime factors of j?
11
Suppose -3329 = b - 6844. List the prime factors of b.
5, 19, 37
Let q be 18/(9 - (-3112)/(-346)). Suppose -88*g = -91*g + q. List the prime factors of g.
2, 3, 173
Suppose 4*k = -0*k. Let c(d) = -12*d + 662. What are the prime factors of c(k)?
2, 331
Suppose -22*o + 18*o = 3*k - 39898, -k - 5*o = -13281. What are the prime factors of k?
2, 6653
Let c(x) = -4*x - 29. Let z(i) = -i - 4. Let t be z(-7). Suppose -8*d = -t*d + 115. List the prime factors of c(d).
3, 7
Let n(c) = 42*c + 308. Let r be n(48). Let h = r - 1621. List the prime factors of h.
19, 37
List the prime factors of 17 + (35998 - 21) - -10.
2, 9001
Let m(f) = f**2 - 89*f + 657. What are the prime factors of m(88)?
569
Suppose 75*z = 44*z + 125829. List the prime factors of z.
3, 11, 41
Let r be 30/(-6) + (-4 - -12). Let t = 291 - 79. Suppose -t = -2*q - 4*g + g, -5*g = r*q - 318. What are the prime factors of q?
2, 53
Let k = -2 + 5. Let t(c) be the first derivative of 3*c**4/2 + c**3/3 + 3*c**2/2 - 4*c - 10. List the prime factors of t(k).
2, 11
Let h be (7 + -1 + -3)/((-9)/(-6)). Suppose -z + a + 2*a = -410, 5*a = -h*z + 853. List the prime factors of z.
419
Let r = 110898 - 70427. List the prime factors of r.
40471
Suppose 85*k - 65*k = 115820. Suppose -5*t + k = -a, 10*a - 4630 = -4*t + 8*a. List the prime factors of t.
2, 3, 193
Suppose l + 12 + 0 = 2*y, 12 = -y - 4*l. Suppose 0 = 5*b + 5*r - 3490, 4*b + y*r = 5*b - 708. List the prime factors of b.
2, 5, 7
Let x be ((-25)/(-35))/((-4)/(-14))*2. Suppose -x*f - 5 = 0, -17*r = -20*r + 2*f + 4913. List the prime factors of r.
1637
What are the prime factors of (7 - (2 - -6))/((-4)/81424)?
2, 7, 727
Let z be (-1)/(-8) - (-35795)/40. Let c = z + -407. What are the prime factors of c?
2, 61
Let k be (18/(-15) + 0)*5/(-2). Suppose a + 2*r = -k*a - 58, 23 = -4*a + 5*r. What are the prime factors of (3/12*89)/((-3)/a)?
89
Let p = 27835 + -15962. What are the prime factors of p?
31, 383
Let h = 686 - -2751. Suppose -4*r + 11*r - h = 0. What are the prime factors of r?
491
Suppose 0 = 13*j - 27*j + 1344. Let l = j + 111. What are the prime factors of l?
3, 23
Let l = 18099 - 9503. What are the prime factors of l?
2, 7, 307
Let j(p) be the first derivative of -p**3/3 - 9*p**2 - p + 1. Let c(w) = 7*w + 5. Let g be c(-2). List the prime factors of j(g).
2, 5
Let o = -3480 - -7884. List the prime factors of o.
2, 3, 367
What are the prime factors of ((-18516)/36)/((21/36)/(-7))?
2, 1543
Let y(o) = -2*o**2 + 25*o + 27. Let s(d) = -d**2 + 17*d - 43. Let g be s(4). List the prime factors of y(g).
2, 3, 5
Let d(l) = -l**3 - 5*l**2 - 4*l + 1. Let k be d(-4). Suppose 0 = -2*f - 4*p - 24, 0 = 2*p + k + 1. List the prime factors of (-350)/(-4)*(-3)/(15/f).
5, 7
Let p = -7 - -5. Let o(m) be the third derivative of -5*m**4/12 - 11*m**3/6 - 41*m**2. What are the prime factors of o(p)?
3
Let y = -1188 - -2889. What are the prime factors of y?
3, 7
Let q = 92 - 257. What are the prime factors of 8 + -6 - (q - -1)?
2, 83
Let x be (-3 - (4 + -6))*-67. Let l be 38 + (0 + 4 - 1). Let a = x - l. List the prime factors of a.
2, 13
Suppose 5*r - 6*r - g = 0, 3*r - 2*g - 10 = 0. Suppose -7*o + 2*o + 9 = -m, -4*o = -r*m. Let c(i) = i**3 - 9*i + 13. List the prime factors of c(m).
5, 7
Let u = 695 - 691. Suppose -5*v + 5177 = 4*f, -1932 = -u*v + f + 2197. List the prime factors of v.
1033
Suppose 0 = -t + 22*t + 7287. Let x = 632 + t. What are the prime factors of x?
3, 5, 19
Let b be (-1)/(-1)*(-19)/(-57)*-177. Let u = b + 63. Suppose -2*g + 4*n + 170 = 0, -3*g - 2*g + 453 = u*n. What are the prime factors of g?
89
Let n(c) = 2*c**2 - 4*c - 27. Let r be n(-14). Suppose 5*j - 3*x = 4*j + r, 2*j = -4*x + 842. What are the prime factors of j?
421
Let o be (-1 - 2 - 391)*-1. Let t = o + -649. List the prime factors of (-17)/(t/350)*6/1.
2, 5, 7
Let q be -5 + 402/78 + 50/13. Suppose w = q*v + 471, -1163 = -5*w - 5*v + 1117. What are the prime factors of w?
3, 17
Suppose -83*h - 124773 = -6*t - 80*h, 5*h + 5 = 0. List the prime factors of t.
5, 4159
Suppose f = 5*w - 71, -f - w = -5*f - 265. Let b = f + 69. Suppose 0 = -o - b*o + 208. List the prime factors of o.
2, 13
Suppose s - 4*t + 6*t = -28, 0 = 2*s + 3*t + 52. List the prime factors of 175/s*(-140)/1 - 4.
3, 11, 37
Let o(i) = 168*i**3 - 8*i**2 - 15*i + 236. What are the prime factors of o(7)?
3, 19121
Let s(t) = -5*t**3 - 8*t**2 + 81*t - 81. What are the prime factors of s(-13)?
3, 2833
Let p(a) = 35674*a**3 + 13*a**2 + 4*a - 17. List the prime factors of p(1).
2, 17837
What are the prime factors of -8 + 13934 + 5 - -9?
2, 5, 17, 41
Suppose -2*u - u = -4*z + 9, -4*z = -12. Let d be u/(-2) - 9/6. What are the prime factors of ((-9)/d)/((-3)/(-16))?
2, 3
Let i = 91 + -88. List the prime factors of i - ((-4)/18 + (-272)/72).
7
Suppose 0 = 4*o - 41374 + 16170. What are the prime factors of o?
6301
Let s(z) = -z**2 + 21*z + 41. Let h(r) = -2*r**2 + 41*r + 81. Let o(a) = 3*h(a) - 5*s(a). Let k be o(26). Let f = 363 + k. List the prime factors of f.
193
Let o = 17008 -